ors of 300530690?
2, 5, 47, 619, 1033
List the prime factors of 72072752.
2, 41, 181, 607
List the prime factors of 53777496.
2, 3, 23, 97423
List the prime factors of 8211048751.
8211048751
What are the prime factors of 873911617?
873911617
What are the prime factors of 10060292?
2, 11, 23, 9941
List the prime factors of 72131363.
72131363
List the prime factors of 256782442.
2, 7, 23, 37, 3079
What are the prime factors of 984866973?
3, 328288991
List the prime factors of 17378334.
2, 3, 321821
What are the prime factors of 98668532?
2, 59, 418087
List the prime factors of 75156737.
59, 1273843
List the prime factors of 1281522245.
5, 53, 4835933
List the prime factors of 165524426.
2, 223, 371131
What are the prime factors of 2273529?
3, 17, 44579
List the prime factors of 2825292.
2, 3, 235441
What are the prime factors of 76901069?
7, 29, 378823
What are the prime factors of 1660529915?
5, 11, 113, 397, 673
List the prime factors of 40425333.
3, 13, 29, 31, 1153
List the prime factors of 54698405.
5, 401, 27281
What are the prime factors of 871636491?
3, 11, 37, 79319
What are the prime factors of 3316265323?
7, 473752189
What are the prime factors of 16095605?
5, 3219121
List the prime factors of 99907762.
2, 197, 253573
List the prime factors of 23301800.
2, 5, 263, 443
What are the prime factors of 58197374?
2, 29, 37, 47, 577
What are the prime factors of 133462770?
2, 3, 5, 7, 163, 557
List the prime factors of 2659009288.
2, 13, 25567397
List the prime factors of 17473928.
2, 23, 4129
What are the prime factors of 629427571?
29, 21704399
List the prime factors of 1516077178.
2, 7, 11, 9844657
List the prime factors of 40135365.
3, 5, 211, 1409
List the prime factors of 575814006.
2, 3, 31989667
List the prime factors of 150223319.
79, 269, 7069
What are the prime factors of 1735060532?
2, 2617, 165749
What are the prime factors of 412681284?
2, 3, 3821123
What are the prime factors of 25568518?
2, 12784259
List the prime factors of 86849396.
2, 17, 1277197
What are the prime factors of 2069618395?
5, 13, 31840283
What are the prime factors of 3620299?
43, 59, 1427
What are the prime factors of 77792020?
2, 5, 31, 125471
What are the prime factors of 7856003001?
3, 7, 11, 487, 69833
What are the prime factors of 32987071?
13, 2537467
List the prime factors of 65652763.
11, 37, 161309
List the prime factors of 496208896.
2, 41, 53, 223
What are the prime factors of 127714550?
2, 5, 29, 88079
List the prime factors of 1216983420.
2, 3, 5, 17, 43, 3083
List the prime factors of 67018866.
2, 3, 11169811
List the prime factors of 4571782814.
2, 2285891407
What are the prime factors of 830652947?
830652947
What are the prime factors of 1236922357?
11, 83, 569, 2381
List the prime factors of 206234142.
2, 3, 34372357
What are the prime factors of 69153703?
37, 73, 25603
What are the prime factors of 452634329?
7, 6427, 10061
List the prime factors of 30195364.
2, 31, 101, 2411
List the prime factors of 236195341.
83, 2845727
What are the prime factors of 96064879?
1277, 75227
List the prime factors of 768133165.
5, 257, 597769
What are the prime factors of 2965275647?
31177, 95111
What are the prime factors of 145590239?
145590239
What are the prime factors of 181186609?
251, 721859
What are the prime factors of 2235184740?
2, 3, 5, 1033, 4007
List the prime factors of 1412268055.
5, 11, 25677601
List the prime factors of 725634758.
2, 421, 861799
What are the prime factors of 36677701?
89, 412109
List the prime factors of 631385781.
3, 13, 16189379
What are the prime factors of 33051692?
2, 43, 192161
List the prime factors of 409668476.
2, 7, 14631017
What are the prime factors of 996798784?
2, 15574981
List the prime factors of 168176486.
2, 19, 4425697
List the prime factors of 366635475.
3, 5, 419, 3889
List the prime factors of 51720884.
2, 12930221
What are the prime factors of 130804140?
2, 3, 5, 461, 4729
List the prime factors of 395290908.
2, 3, 97, 389
What are the prime factors of 478740429?
3, 2251, 7877
List the prime factors of 3347703673.
97, 151, 228559
What are the prime factors of 240818783?
1051, 229133
List the prime factors of 74246547.
3, 19, 1302571
What are the prime factors of 3069047175?
3, 5, 3049, 13421
What are the prime factors of 195213336?
2, 3, 1123, 7243
What are the prime factors of 44179344?
2, 3, 11, 1033
What are the prime factors of 704737568?
2, 347, 63467
List the prime factors of 359359295.
5, 97, 353, 2099
List the prime factors of 39267696.
2, 3, 13, 62929
What are the prime factors of 394760202?
2, 3, 73, 901279
List the prime factors of 1195306758.
2, 3, 19, 3495049
List the prime factors of 76010264.
2, 11, 17, 31, 149
What are the prime factors of 109981976?
2, 13, 17, 62207
List the prime factors of 432864299.
7, 277, 223241
What are the prime factors of 5043973379?
2203, 2289593
What are the prime factors of 1638289158?
2, 3, 11, 24822563
What are the prime factors of 2548978019?
7, 364139717
List the prime factors of 111806290.
2, 5, 61, 183289
What are the prime factors of 17792204?
2, 1223, 3637
List the prime factors of 9642443.
19, 507497
What are the prime factors of 1323795464?
2, 165474433
List the prime factors of 5059627.
5059627
What are the prime factors of 1137397649?
37, 53, 127, 4567
What are the prime factors of 37302771?
3, 11, 37, 137, 223
List the prime factors of 18987656.
2, 1061, 2237
What are the prime factors of 1981270991?
7, 23, 12306031
What are the prime factors of 1864848659?
1864848659
What are the prime factors of 64630363?
7, 1318987
What are the prime factors of 35314275?
3, 5, 479, 983
List the prime factors of 126551906.
2, 13, 647, 7523
List the prime factors of 187336353.
3, 62445451
What are the prime factors of 26855699?
13, 17, 137, 887
List the prime factors of 28193270.
2, 5, 7, 402761
List the prime factors of 30229340.
2, 5, 31, 48757
List the prime factors of 182193938.
2, 2591, 35159
List the prime factors of 220696112.
2, 7, 13, 41, 3697
List the prime factors of 2501456448.
2, 3, 23, 566453
What are the prime factors of 303822448?
2, 251, 75653
List the prime factors of 531455242.
2, 265727621
List the prime factors of 338258024.
2, 13, 3252481
List the prime factors of 1768801953.
3, 11497, 51283
What are the prime factors of 24443812?
2, 53, 115301
What are the prime factors of 6400996449?
3, 6719, 317557
List the prime factors of 434660787.
3, 11, 29, 151397
List the prime factors of 197456462.
2, 7, 17, 359, 2311
What are the prime factors of 93160474?
2, 11, 379, 11173
List the prime factors of 50719133.
421, 120473
What are the prime factors of 360518289?
3, 41, 2931043
List the prime factors of 3539106507.
3, 641, 881, 2089
What are the prime factors of 724717211?
724717211
What are the prime factors of 237988665?
3, 5, 1097, 1607
List the prime factors of 158860647.
3, 11, 31, 37, 1399
List the prime factors of 37506050.
2, 5, 750121
What are the prime factors of 136146299?
43, 3166193
List the prime factors of 12814995.
3, 5, 854333
What are the prime factors of 732798887?
732798887
List the prime factors of 535771054.
2, 7, 13, 2943797
What are the prime factors of 513466420?
2, 5, 223, 115127
What are the prime factors of 582021764?
2, 29, 67, 74887
List the prime factors of 56784434.
2, 7, 579433
What are the prime factors of 1366179491?
41, 33321451
List the prime factors of 1626892256.
2, 11, 4621853
What are the prime factors of 42944044?
2, 11, 13, 193, 389
List the prime factors of 32978768.
2, 2061173
What are the prime factors of 60837767?
60837767
List the prime factors of 22506342.
2, 3, 3751057
What are the prime factors of 325020780?
2, 3, 5, 7, 257953
List the prime factors of 668654684.
2, 349, 461, 1039
List the prime factors of 937945076.
2, 234486269
List the prime factors of 61860691.
61860691
List the prime factors of 1938463886.
2, 2677, 362059
What are the prime factors of 87555097?
7, 19, 658309
List the prime factors of 101831454.
2, 3, 41, 137983
List the prime factors of 642160939.
7, 31, 2959267
What are the prime factors of 262791963?
3, 7, 43, 97007
What are the prime factors of 819225211?
7, 7517, 15569
List the prime factors of 14162084.
2, 3540521
What are the prime factors of 35822241?
3, 7, 13,